- 1/4*y**4. What is the tens digit of l(6)?
3
What is the tens digit of (1 - 1) + 399 + (-8 - -17)?
0
Let q(j) = -186*j - 12. What is the thousands digit of q(-8)?
1
Let h be 5 + (-5 - -1) - -23. Let l = h - -9. What is the units digit of l?
3
Suppose -n + 185 = 5*d, d - 37 = -0*d + 2*n. Suppose -267 = -2*r - d. What is the tens digit of r?
1
Let a be -512 + (-174)/48 + (-9)/24. Let c = -267 - a. What is the tens digit of c?
4
Suppose 4*d + n = 105, d + d = 5*n + 25. Suppose 10*z + 5*c = 13*z + 20, -3*z - 60 = 3*c. Let t = z + d. What is the tens digit of t?
1
Let h(n) = -5*n**2 - 19*n + 30. Let y(v) = 6*v**2 + 19*v - 30. Let k(c) = -7*h(c) - 6*y(c). What is the tens digit of k(12)?
5
Let a(x) = x**3 + x + 9. Let q be a(0). Let g = -9 + q. Suppose -2*h + 0 + 42 = g. What is the units digit of h?
1
Suppose 2*i = 6*i + 224. Let c = 57 - i. What is the units digit of c?
3
Let p(u) = -u**3 - 21*u**2 + 15*u - 56. What is the tens digit of p(-23)?
5
Let k = -4 + 4. Suppose 4*x + 3*c + 2*c - 16 = 0, k = -2*c. What is the units digit of x/(-6)*6/(-2)?
2
Let c(d) = 118*d - 6. Let z be c(2). Suppose -84 = -5*h - 2*b + z, 4*b - 8 = 0. What is the units digit of h?
2
Let j be (-2)/3 + (-40)/(-15). Let f = 4 - j. Suppose l - m = -5*m + 12, f*l - 33 = -5*m. What is the units digit of l?
4
Let r be 8/(-56) + (72/(-7))/(-2). Let o = r - -2. What is the units digit of o?
7
Suppose -x = -3*x - 118. Let m = x + 25. Let k = -11 - m. What is the tens digit of k?
2
What is the units digit of (-27207)/(-27) + ((-10)/(-3) - 4)?
7
Let s = 15 + -25. Let b be (-5)/(-1)*16/s. What is the tens digit of (62/b)/((-1)/8)?
6
Suppose -4*b - 13 - 15 = 0. Let i(m) = -17*m - 10. What is the units digit of i(b)?
9
Let w(f) = -4*f + 11 - 2*f - 11*f - 2. What is the units digit of w(-11)?
6
What is the units digit of (-2 - -4)*(-21672)/(-112)?
7
Let y(c) = c**2 - 8 + 23 - 6*c - 14. Let h be y(5). Let m(l) = -l**3 - 5*l**2 - 7*l - 5. What is the units digit of m(h)?
7
Let g = -17 + 11. Let d be (g/(-2) - 6)*-1. Suppose -5*w + 0*h + 3*h = -103, d*h + 23 = w. What is the units digit of w?
0
Let d(h) = -11*h - 1. Let w be d(-9). Suppose -2*a + w = 22. What is the units digit of a?
8
Let m(r) = -30*r**3 - 2*r**2 + 3*r - 2. Let c be m(1). Let n = c + 71. What is the tens digit of n?
4
Let s(d) = -d**3 - 15*d**2 + d + 20. Let i be s(-15). Suppose -2*k = -p - 8 - 86, -i*p = -5*k + 235. What is the tens digit of k?
4
Let u = 2527 + -1042. What is the tens digit of u?
8
Suppose 5*d + 4*l = -982, 106 + 84 = -d - 4*l. What is the units digit of 44/d - 238/(-18)?
3
Let x be (0 + -1)*1932/(-14). Suppose 2*p - x = -l, 8*p - 3*p - 410 = -3*l. What is the tens digit of l?
3
Suppose 141 = -5*m - 5*a - 184, -3*m - 187 = 5*a. Let t be 1335/(-35)*1 + 1/7. Let o = t - m. What is the tens digit of o?
3
Let w = -207 + 542. Let z = w + -194. What is the units digit of z?
1
Suppose -c = -5*j + 6700, 2*c - 5693 + 347 = -4*j. What is the thousands digit of j?
1
Suppose 8*m = -5*m + 65. Suppose -264 - 181 = -m*q. What is the tens digit of q?
8
Suppose 29*l = -5*x + 28*l + 16695, 4*l + 20 = 0. What is the units digit of x?
0
Let u be -3*(0/(-2) + (-84)/(-18)). What is the units digit of 2/14 - 418/u?
0
Suppose -n + 24 = -4*n. Let p(s) = -s. Let w(r) = -3. Let o(a) = p(a) - w(a). What is the units digit of o(n)?
1
Suppose 4*t = 5*u - u + 8, -3*t - 2 = -u. Let o be 3*(-1)/(u/48). Let p = o - 14. What is the tens digit of p?
2
Let c(w) = -w**2 - 5*w + 5. Let j be c(-5). Suppose 314 = j*o - 706. What is the tens digit of 30/50 + o/10?
2
Let f(l) = 11*l**2 + 2*l. What is the units digit of f(1)?
3
Let d(y) = -2*y**2 + 4*y**2 + 9*y - 19 - 2*y**2 + 8*y**2. What is the tens digit of d(3)?
8
Suppose g - 9 = -2*g. Let w(z) = 5*z**2 + 1 + 2*z**g + 1 - 4*z**2. What is the units digit of w(2)?
2
Let w = 66 + -33. Let y = 46 - w. What is the tens digit of y?
1
Suppose 6*h - h = 15. Suppose 5*m = -4*g + 15, h*m = m - 4*g + 6. Suppose 0 = 4*f + m*d - 108, 4*f + 0*d + d - 100 = 0. What is the tens digit of f?
2
Let c(w) = -29*w - 27. Suppose 2*r = 3*r + 6. What is the hundreds digit of c(r)?
1
Let k be 50/(-125) + 1274/10. Let g = 267 - k. What is the tens digit of g?
4
Suppose -9286 = -9*d + 4043. What is the hundreds digit of d?
4
Suppose -16 - 41 = -3*p. Let d = -10 + p. What is the units digit of -3*((-30)/d + 2)?
4
Let t = -31 + 156. Suppose 2*j + 4*k = 5*j - t, 5*k + 27 = j. Suppose 3*o - q - j = -17, -q + 6 = o. What is the units digit of o?
9
Suppose -8*m + m = -1715. What is the tens digit of m?
4
Suppose 4*k = z + 2104, -2*k = -7*k + 5*z + 2645. What is the hundreds digit of k?
5
Suppose c - 4*c = 0. Suppose -5*b + 0 - 15 = c. What is the tens digit of (-578)/(-12) - b/(-18)?
4
Let w = -10 - -7. What is the tens digit of 756/8*(-2)/w?
6
Let n be -7*((-48)/21 + 2). Let y(j) be the third derivative of j**6/120 + j**5/60 - j**3/3 - j**2. What is the tens digit of y(n)?
1
Let w be 0/(-4 + 2) - -1. Suppose -x + 20 = -6*x, -i = x - w. Suppose i*p - 3*p = 10. What is the units digit of p?
5
Let b = 17 - 27. Let k = b + 10. Suppose k = h + h - 40. What is the tens digit of h?
2
Suppose 2*v + 4*l = -785 + 23, v + 378 = l. Let g = 621 + v. What is the tens digit of g?
4
Suppose -78*p + 80*p - 482 = 0. What is the tens digit of p?
4
What is the thousands digit of (1 - -1) + 1515 + 0?
1
Suppose 4*d = 3*d - 3. Let b(a) = -21*a - 6. What is the units digit of b(d)?
7
Suppose 3*h + 660 = 36*h. What is the units digit of h?
0
Let u be 0/(3 + (-4 - 0)). Suppose u = 2*l - 6*l. Suppose 72 = 3*x - l*x. What is the units digit of x?
4
Let t be (-9)/((-6)/2) - 49. Suppose 5*b = -349 + 4. Let k = t - b. What is the tens digit of k?
2
What is the units digit of (-46788)/112*(-32)/6?
8
Let w(s) = s - 3. Let q be w(8). Suppose q*o - 8 = o. Suppose g - 2 = 2, -38 = -2*l + o*g. What is the units digit of l?
3
Let k = -2 - -5. Suppose -k*o = o - 36. What is the tens digit of o/(-72) + (-690)/(-16)?
4
Suppose s = -6*c + c + 6285, -4*c = -s - 5037. What is the tens digit of c?
5
Let s = -4595 + 11042. Suppose -2*l = 19*l - s. What is the units digit of l?
7
Suppose -98 = -4*n + 566. What is the units digit of n/7 - (-12)/42?
4
Suppose f = 13*d - 16*d + 2291, 5*f - 11468 = -2*d. What is the tens digit of f?
9
Let q(b) = b**2 + 12*b - 3. Let l(r) = 27*r - 7. Let t be l(3). Suppose d - 2 + 4 = -3*o, 5*d - o + t = 0. What is the tens digit of q(d)?
2
Suppose -3*x = -6, 4*o + 2*x = -0*x + 7488. What is the units digit of o?
1
Suppose -3*x = 5 - 11, -b + 2404 = 5*x. What is the tens digit of b?
9
Suppose -k = 2, 4*w - 1723 + 97 = -k. What is the units digit of w?
7
Suppose -w - 2 = -0*w, d = -w + 18. Let r = 11 + d. What is the tens digit of r?
3
Let t(c) = c**3 + 5*c**2 - 6*c + 6. Let l be t(-6). Let f be 7/l - 2/12. What is the tens digit of (-3)/((-26)/(-32) - f)?
1
Let w(n) be the third derivative of n**7/1680 - n**6/240 - n**5/10 - 10*n**2. Let b(z) be the third derivative of w(z). What is the tens digit of b(7)?
1
Suppose -1840 = -4*x + 2*v, -3*v = -3*x + v + 1380. Let k = 714 - x. What is the tens digit of k?
5
Let r be (-1 + (-54)/1)/(2/(-4)). Suppose 2210 - r = 10*h. What is the units digit of h?
0
Suppose 0 = -3*d + 3*g + 93, -4*g + 32 + 24 = 2*d. Let u = 4 + -26. Let q = d + u. What is the units digit of q?
8
Let k = -26 - -28. Suppose -4*r = b - k*b + 77, -3*r - 334 = -4*b. What is the tens digit of b?
8
Let o = -431 - -820. What is the tens digit of o?
8
Suppose -5*b - 2721 = 14*l - 16*l, -1362 = -l + b. What is the units digit of l?
3
Let x(h) be the first derivative of h**4/4 - h**3/3 - h**2/2 + 6*h + 1. What is the units digit of x(0)?
6
Let j(w) = 63*w + 29. What is the tens digit of j(26)?
6
Suppose 2*o + 2*n - 1644 - 1092 = 0, -2*o + 2732 = n. What is the tens digit of o?
6
Let z be (-2 - (-28)/12)/(2/1608). Let w = -40 + z. What is the tens digit of w?
2
Suppose 54 = 3*a + 18. Suppose -7*c + a = 2*b - 3*c, -5*c + 12 = b. Suppose -22 = -b*r + 10. What is the units digit of r?
6
Let z(u) = -u**2 + 10*u + 4. Let p be z(10). What is the units digit of p/(-10) + 3670/50?
3
Let z be (0 - 0) + -3 + 119. Let w = z + -44. Suppose 108 = 4*d - 3*h + 4*h, 2*d - w = 4*h. What is the tens digit of d?
2
Let o = -37 - -25. What is the units digit